{"id":40,"date":"2011-11-08T15:13:40","date_gmt":"2011-11-08T15:13:40","guid":{"rendered":"http:\/\/musikundret.se\/?page_id=40"},"modified":"2023-02-21T23:24:18","modified_gmt":"2023-02-21T23:24:18","slug":"studio","status":"publish","type":"page","link":"https:\/\/musikundret.se\/?page_id=40","title":{"rendered":"Studio"},"content":{"rendered":"\n<p>Vi \u00e4r ingen kommersiell studiolokal s\u00e5 du kan inte hyra den. Vi finns 15 min med T-bana fr\u00e5n Stockholm city.<\/p>\n\n\n\n<figure class=\"is-layout-flex wp-block-gallery-1 wp-block-gallery has-nested-images columns-default is-cropped\">\n<figure class=\"wp-block-image size-large\"><a href=\"https:\/\/media.musikundret.se\/2023\/01\/9129B063-ED80-42F2-9D70-B570BC773B2F-scaled.jpeg\"><img decoding=\"async\" loading=\"lazy\" width=\"1024\" height=\"768\" data-id=\"187\"  src=\"https:\/\/media.musikundret.se\/2023\/01\/9129B063-ED80-42F2-9D70-B570BC773B2F-1024x768.jpeg\" alt=\"\" class=\"wp-image-187\" srcset=\"http:\/\/media.musikundret.se\/2023\/01\/9129B063-ED80-42F2-9D70-B570BC773B2F-1024x768.jpeg 1024w, http:\/\/media.musikundret.se\/2023\/01\/9129B063-ED80-42F2-9D70-B570BC773B2F-300x225.jpeg 300w, http:\/\/media.musikundret.se\/2023\/01\/9129B063-ED80-42F2-9D70-B570BC773B2F-768x576.jpeg 768w, http:\/\/media.musikundret.se\/2023\/01\/9129B063-ED80-42F2-9D70-B570BC773B2F-1536x1152.jpeg 1536w, http:\/\/media.musikundret.se\/2023\/01\/9129B063-ED80-42F2-9D70-B570BC773B2F-2048x1536.jpeg 2048w\" sizes=\"(max-width: 1024px) 100vw, 1024px\" \/><\/a><figcaption class=\"wp-element-caption\">S340<\/figcaption><\/figure>\n\n\n\n<figure class=\"wp-block-image size-large\"><a href=\"https:\/\/media.musikundret.se\/2023\/01\/7A7DC41D-53B2-4513-B51B-879CB7F5A89D-scaled.jpeg\"><img decoding=\"async\" loading=\"lazy\" width=\"1024\" height=\"768\" data-id=\"186\"  src=\"https:\/\/media.musikundret.se\/2023\/01\/7A7DC41D-53B2-4513-B51B-879CB7F5A89D-1024x768.jpeg\" alt=\"\" class=\"wp-image-186\" srcset=\"http:\/\/media.musikundret.se\/2023\/01\/7A7DC41D-53B2-4513-B51B-879CB7F5A89D-1024x768.jpeg 1024w, http:\/\/media.musikundret.se\/2023\/01\/7A7DC41D-53B2-4513-B51B-879CB7F5A89D-300x225.jpeg 300w, http:\/\/media.musikundret.se\/2023\/01\/7A7DC41D-53B2-4513-B51B-879CB7F5A89D-768x576.jpeg 768w, http:\/\/media.musikundret.se\/2023\/01\/7A7DC41D-53B2-4513-B51B-879CB7F5A89D-1536x1152.jpeg 1536w, http:\/\/media.musikundret.se\/2023\/01\/7A7DC41D-53B2-4513-B51B-879CB7F5A89D-2048x1536.jpeg 2048w\" sizes=\"(max-width: 1024px) 100vw, 1024px\" \/><\/a><figcaption class=\"wp-element-caption\">S340<\/figcaption><\/figure>\n<\/figure>\n\n\n\n<h4><span style=\"color: #888888;\">Inspelningsprogram<\/span><\/h4>\n\n\n\n<ul>\n<li>Cubase pro 11<\/li>\n\n\n\n<li>Wavelab pro 11<\/li>\n\n\n\n<li>Waves plugins<\/li>\n<\/ul>\n\n\n\n<h5><span style=\"color: #808080;\">Ljudkort, AD\/DA<\/span><\/h5>\n\n\n\n<ul>\n<li>Steinberg ur824<\/li>\n\n\n\n<li>Focusrite Octopre MkII<\/li>\n<\/ul>\n\n\n\n<h4><span style=\"color: #808080;\">Mixerbord, preamp<\/span>s, eq<\/h4>\n\n\n\n<ul>\n<li>Soundcraft MH2 40-kanaler f\u00f6r inspelning<\/li>\n\n\n\n<li>Universal Audio DCS som monitorkontroller<\/li>\n\n\n\n<li>Eela s340 f\u00f6r mastering<\/li>\n\n\n\n<li>RND 511<\/li>\n\n\n\n<li>RND 551<\/li>\n<\/ul>\n\n\n\n<h4><span style=\"color: #808080;\">Reverb\/delay<\/span><\/h4>\n\n\n\n<ul>\n<li>Yamaha spx90 Mk1<\/li>\n\n\n\n<li>Yamaha spx90 MkII<\/li>\n\n\n\n<li>Yamaha spx990<\/li>\n\n\n\n<li>Yamaha rev 7<\/li>\n\n\n\n<li>Yamaha r1000<\/li>\n\n\n\n<li>Alesis quadraverb<\/li>\n\n\n\n<li>Roland Re-201<\/li>\n<\/ul>\n\n\n\n<h4><span style=\"color: #808080;\">Kompressorer<\/span><\/h4>\n\n\n\n<ul>\n<li>Alesis 3630<\/li>\n\n\n\n<li>Behringer 9024 (rackfiller)<\/li>\n\n\n\n<li>ssl g-bus 500<\/li>\n\n\n\n<li>wa-2a<\/li>\n\n\n\n<li>wa-76 <\/li>\n<\/ul>\n\n\n\n<h4><span style=\"color: #808080;\">Gitarrf\u00f6rst\u00e4rkare<\/span><\/h4>\n\n\n\n<ul>\n<li>Fender Twin Reverb<\/li>\n\n\n\n<li>Marshall JCM800 Combo<\/li>\n\n\n\n<li>Blackstar HT-20 Studio topp<\/li>\n\n\n\n<li>Peavey Valve King 112<\/li>\n<\/ul>\n\n\n\n<p><span style=\"color: #808080;\">Basf\u00f6rst\u00e4rkare<\/span><\/p>\n\n\n\n<ul>\n<li>Tech 21 Sansamp Bassdriver DI<\/li>\n\n\n\n<li>Fender Rumble bass 2&#215;10&#8243;<\/li>\n<\/ul>\n\n\n\n<h4><span style=\"color: #888888;\">Mikrofoner<\/span><\/h4>\n\n\n\n<p>Sontronics STC-1S, Shure sm57, Shure sm58, Shure beta57, Shure beta56, Shure beta52, AKG 1000s, Studio Projects B1. mfl.<\/p>\n\n\n\n<h4><span style=\"color: #888888;\">Trumset<\/span><\/h4>\n\n\n\n<ul>\n<li>Tama Swing Star<\/li>\n<\/ul>\n\n\n\n<p>&#8230; samt en massa syntar, gitarrer och pedaler&nbsp;av olika slag.<\/p>\n\n\n\n<h4>&nbsp;<\/h4>\n","protected":false},"excerpt":{"rendered":"<p>Vi \u00e4r ingen kommersiell studiolokal s\u00e5 du kan inte hyra den. Vi finns 15 min med T-bana fr\u00e5n Stockholm city. Inspelningsprogram Ljudkort, AD\/DA Mixerbord, preamps, eq Reverb\/delay Kompressorer Gitarrf\u00f6rst\u00e4rkare Basf\u00f6rst\u00e4rkare Mikrofoner Sontronics STC-1S, Shure sm57, Shure sm58, Shure beta57, Shure &hellip; <a href=\"https:\/\/musikundret.se\/?page_id=40\">Forts\u00e4tt l\u00e4sa <span class=\"meta-nav\">&rarr;<\/span><\/a><\/p>\n","protected":false},"author":1,"featured_media":0,"parent":0,"menu_order":0,"comment_status":"closed","ping_status":"open","template":"onecolumn-page.php","meta":[],"_links":{"self":[{"href":"https:\/\/musikundret.se\/index.php?rest_route=\/wp\/v2\/pages\/40"}],"collection":[{"href":"https:\/\/musikundret.se\/index.php?rest_route=\/wp\/v2\/pages"}],"about":[{"href":"https:\/\/musikundret.se\/index.php?rest_route=\/wp\/v2\/types\/page"}],"author":[{"embeddable":true,"href":"https:\/\/musikundret.se\/index.php?rest_route=\/wp\/v2\/users\/1"}],"replies":[{"embeddable":true,"href":"https:\/\/musikundret.se\/index.php?rest_route=%2Fwp%2Fv2%2Fcomments&post=40"}],"version-history":[{"count":26,"href":"https:\/\/musikundret.se\/index.php?rest_route=\/wp\/v2\/pages\/40\/revisions"}],"predecessor-version":[{"id":197,"href":"https:\/\/musikundret.se\/index.php?rest_route=\/wp\/v2\/pages\/40\/revisions\/197"}],"wp:attachment":[{"href":"https:\/\/musikundret.se\/index.php?rest_route=%2Fwp%2Fv2%2Fmedia&parent=40"}],"curies":[{"name":"wp","href":"https:\/\/api.w.org\/{rel}","templated":true}]}}